122921261
List the prime factors of 714000052.
2, 178500013
List the prime factors of 51194622.
2, 3, 8532437
List the prime factors of 433622028.
2, 3, 7, 19, 271693
What are the prime factors of 1987709246?
2, 993854623
What are the prime factors of 77465857?
7, 571, 19381
What are the prime factors of 3605721?
3, 7, 103, 1667
List the prime factors of 781469248.
2, 7, 97, 367
What are the prime factors of 83309139?
3, 9256571
List the prime factors of 6660706701.
3, 11, 41, 4922917
What are the prime factors of 410234476?
2, 102558619
List the prime factors of 1186859032.
2, 10067, 14737
List the prime factors of 2302102422.
2, 3, 127894579
What are the prime factors of 291300639?
3, 7, 131, 2161
List the prime factors of 2021636152.
2, 23, 271, 40543
List the prime factors of 832367017.
107, 127, 61253
List the prime factors of 48415318.
2, 7, 3458237
List the prime factors of 4652797798.
2, 11, 1531, 138139
List the prime factors of 306126910.
2, 5, 41, 18211
List the prime factors of 2817704516.
2, 11, 23, 43, 73, 887
What are the prime factors of 2680924075?
5, 61, 1757983
List the prime factors of 1704394312.
2, 149, 1429861
List the prime factors of 3720648242.
2, 1860324121
List the prime factors of 370368476.
2, 92592119
List the prime factors of 1889938602.
2, 3, 34998863
List the prime factors of 4024246810.
2, 5, 569, 707249
What are the prime factors of 239982047?
17, 29, 47, 10357
List the prime factors of 534631198.
2, 17, 163, 96469
List the prime factors of 932264090.
2, 5, 97, 961097
List the prime factors of 3320390.
2, 5, 332039
List the prime factors of 364084828.
2, 199, 457393
List the prime factors of 36352838.
2, 83, 218993
List the prime factors of 146591952.
2, 3, 13, 17, 1063
What are the prime factors of 373683843?
3, 13, 245683
List the prime factors of 148343409.
3, 107, 154043
List the prime factors of 2186083403.
7, 6373421
What are the prime factors of 419145673?
271, 1546663
List the prime factors of 701718803.
167, 307, 13687
List the prime factors of 42458027.
17, 19, 131449
List the prime factors of 2969193381.
3, 7, 11, 1009, 12739
List the prime factors of 1115082683.
11, 13, 17, 29, 15817
What are the prime factors of 583972111?
583972111
List the prime factors of 1180424011.
13, 3203, 28349
List the prime factors of 872770005.
3, 5, 61, 105983
What are the prime factors of 170990898?
2, 3, 13, 157, 13963
List the prime factors of 37511702.
2, 1153, 16267
What are the prime factors of 520684980?
2, 3, 5, 8678083
List the prime factors of 115116881.
11, 139, 75289
List the prime factors of 2859931033.
137, 20875409
List the prime factors of 1931455052.
2, 17599, 27437
List the prime factors of 2405948142.
2, 3, 13, 41, 47, 16007
What are the prime factors of 25716900?
2, 3, 5, 11, 7793
List the prime factors of 286653800.
2, 5, 37, 38737
What are the prime factors of 4982606536?
2, 263, 2368159
List the prime factors of 313168389.
3, 4957, 21059
List the prime factors of 431067084.
2, 3, 7, 179, 28669
List the prime factors of 1134378669.
3, 17, 179, 313, 397
What are the prime factors of 2913930471?
3, 971310157
What are the prime factors of 149686179?
3, 49895393
List the prime factors of 637735723.
29, 21990887
What are the prime factors of 942453455?
5, 29, 37, 97, 1811
List the prime factors of 774989183.
17, 45587599
List the prime factors of 2181664114.
2, 7, 3659, 42589
List the prime factors of 891892417.
13, 68607109
List the prime factors of 1203863190.
2, 3, 5, 40128773
List the prime factors of 146609550.
2, 3, 5, 73, 4463
What are the prime factors of 17580202?
2, 163, 53927
List the prime factors of 2723299434.
2, 3, 50431471
List the prime factors of 77708159.
191, 419, 971
What are the prime factors of 112429246?
2, 787, 71429
List the prime factors of 63035839.
63035839
What are the prime factors of 67880562?
2, 3, 59, 337, 569
List the prime factors of 1467831975.
3, 5, 19571093
List the prime factors of 36245495.
5, 11, 13, 163, 311
What are the prime factors of 80963965?
5, 16192793
What are the prime factors of 2019632410?
2, 5, 839, 240719
What are the prime factors of 462744?
2, 3, 6427
List the prime factors of 1010246045.
5, 10691, 18899
List the prime factors of 2683944093.
3, 894648031
What are the prime factors of 159517111?
13, 293, 41879
List the prime factors of 3015662.
2, 13, 115987
List the prime factors of 139222050.
2, 3, 5, 11, 84377
List the prime factors of 512130424.
2, 13, 47, 104773
List the prime factors of 565749860.
2, 5, 13, 23, 89, 1063
What are the prime factors of 1716992064?
2, 3, 43, 181, 383
What are the prime factors of 8563491?
3, 89, 10691
What are the prime factors of 83691910?
2, 5, 1979, 4229
List the prime factors of 2036432647.
97, 20994151
List the prime factors of 4546287129.
3, 1515429043
What are the prime factors of 1516514997?
3, 149, 3392651
List the prime factors of 299954026.
2, 19, 7893527
What are the prime factors of 260735566?
2, 7, 13, 173
List the prime factors of 3862892.
2, 11, 87793
List the prime factors of 29913526.
2, 47, 318229
What are the prime factors of 74782418?
2, 43, 869563
What are the prime factors of 798035338?
2, 211, 277, 6827
What are the prime factors of 88683991?
11, 8062181
List the prime factors of 3986499538.
2, 7, 2237, 127291
List the prime factors of 605605524.
2, 3, 50467127
What are the prime factors of 136393813?
479, 284747
What are the prime factors of 3714893523?
3, 11, 59, 70667
List the prime factors of 86108733.
3, 41, 233357
List the prime factors of 269867301.
3, 11, 29, 281993
What are the prime factors of 298659654?
2, 3, 71, 233693
What are the prime factors of 64827107?
19, 31, 110063
What are the prime factors of 81642333?
3, 173, 157307
List the prime factors of 261288655.
5, 52257731
What are the prime factors of 27479103?
3, 521, 17581
What are the prime factors of 400525712?
2, 17, 691, 2131
What are the prime factors of 145629675?
3, 5, 23, 107, 263
List the prime factors of 1156391953.
23, 50277911
What are the prime factors of 290496319?
31, 953, 9833
What are the prime factors of 432130734?
2, 3, 7, 41, 27883
What are the prime factors of 419354763?
3, 31, 4509191
List the prime factors of 1360787339.
25667, 53017
What are the prime factors of 590194923?
3, 359, 547999
List the prime factors of 559085010.
2, 3, 5, 11, 1694197
What are the prime factors of 24516436?
2, 7, 23, 38069
List the prime factors of 1256434.
2, 628217
What are the prime factors of 371555211?
3, 123851737
List the prime factors of 1743163661.
1743163661
What are the prime factors of 66727414?
2, 13, 17, 150967
List the prime factors of 269076744.
2, 3, 3737177
List the prime factors of 15088824.
2, 3, 209567
List the prime factors of 78888574.
2, 23, 43, 39883
What are the prime factors of 1410444133?
7, 3023, 66653
List the prime factors of 263748799.
43, 2087, 2939
What are the prime factors of 651485277?
3, 72387253
What are the prime factors of 281441258?
2, 7, 20102947
What are the prime factors of 312369131?
359, 870109
List the prime factors of 583941379.
7, 193, 8821
What are the prime factors of 3515675370?
2, 3, 5, 117189179
What are the prime factors of 6156155275?
5, 23, 37, 289361
List the prime factors of 9153093.
3, 773, 3947
List the prime factors of 11798370.
2, 3, 5, 337, 389
What are the prime factors of 7392008?
2, 13, 17, 37, 113
List the prime factors of 306502322.
2, 7, 47, 465809
List the prime factors of 28534892.
2, 109, 65447
What are the prime factors of 231602489?
257, 901177
List the prime factors of 593023007.
23, 25783609
What are the prime factors of 65249857?
19, 3434203
List the prime factors of 43426178.
2, 199, 109111
What are the prime factors of 8828422770?
2, 3, 5, 19, 499, 31039
What are the prime factors of 1376014691?
32563, 42257
What are the prime factors of 2037888659?
73, 557, 50119
What are the prime factors of 2403652113?
3, 61, 4378237
List the prime factors of 34618822.
2, 7, 1373, 1801
What are the prime factors of 1855386510?
2, 3, 5, 61846217
List the prime factors of 79852726.
2, 79, 151, 3347
List the prime factors of 20844963.
3, 2316107
What are the prime factors of 311414217?
3, 103, 1007813
What are the prime factors of 228213438?
2, 3, 559